60 and 50?
10
What is the greatest common divisor of 8921 and 33?
11
What is the highest common factor of 10464 and 48?
48
What is the greatest common factor of 64 and 8?
8
Calculate the highest common divisor of 27 and 153.
9
What is the highest common divisor of 10 and 610?
10
Calculate the highest common factor of 147 and 13083.
147
What is the highest common divisor of 17 and 6681?
17
What is the greatest common factor of 102 and 476?
34
Calculate the greatest common factor of 13544 and 8.
8
What is the highest common factor of 164 and 3362?
82
What is the greatest common divisor of 2224 and 208?
16
Calculate the greatest common factor of 192 and 28.
4
What is the greatest common factor of 480 and 420?
60
What is the greatest common factor of 3941 and 21?
7
Calculate the greatest common factor of 801 and 9.
9
Calculate the greatest common divisor of 87 and 11484.
87
Calculate the greatest common factor of 25 and 1075.
25
Calculate the greatest common divisor of 128 and 176.
16
Calculate the highest common factor of 35 and 1085.
35
What is the highest common divisor of 888 and 84?
12
Calculate the highest common divisor of 39 and 26.
13
Calculate the highest common divisor of 754 and 116.
58
What is the greatest common factor of 2812 and 4?
4
What is the highest common factor of 38 and 1786?
38
Calculate the highest common divisor of 22 and 2266.
22
Calculate the highest common factor of 52 and 351.
13
Calculate the greatest common factor of 552 and 42.
6
What is the highest common divisor of 2322 and 135?
27
What is the greatest common factor of 7128 and 88?
88
Calculate the greatest common divisor of 483 and 21.
21
What is the highest common factor of 9831 and 261?
87
What is the highest common factor of 20 and 16?
4
What is the greatest common factor of 100 and 16?
4
Calculate the highest common factor of 270 and 2214.
54
What is the greatest common divisor of 924 and 168?
84
What is the greatest common factor of 18 and 1512?
18
Calculate the greatest common divisor of 180 and 20.
20
What is the highest common divisor of 174 and 432?
6
What is the highest common divisor of 12 and 444?
12
Calculate the greatest common divisor of 67 and 335.
67
Calculate the greatest common divisor of 82 and 328.
82
What is the highest common factor of 24 and 24?
24
What is the highest common factor of 10035 and 45?
45
What is the greatest common factor of 462 and 1221?
33
What is the greatest common factor of 60 and 27?
3
Calculate the greatest common divisor of 264 and 319.
11
What is the greatest common divisor of 2310 and 210?
210
Calculate the greatest common divisor of 860 and 100.
20
Calculate the greatest common divisor of 1064 and 247.
19
Calculate the greatest common factor of 652 and 4.
4
What is the greatest common factor of 55 and 187?
11
What is the greatest common divisor of 133 and 4769?
19
What is the greatest common divisor of 474 and 42?
6
What is the greatest common factor of 323 and 38?
19
What is the highest common factor of 136 and 391?
17
What is the highest common factor of 150 and 42?
6
Calculate the greatest common factor of 5184 and 384.
192
What is the greatest common factor of 4698 and 58?
58
What is the greatest common factor of 2923 and 553?
79
What is the greatest common factor of 153 and 18?
9
What is the highest common divisor of 3068 and 104?
52
What is the highest common factor of 248 and 24056?
248
What is the highest common divisor of 38 and 817?
19
Calculate the highest common factor of 1085 and 1855.
35
What is the highest common divisor of 15 and 9525?
15
What is the greatest common divisor of 17 and 1513?
17
What is the greatest common factor of 45 and 15?
15
What is the greatest common factor of 19646 and 11?
11
What is the greatest common divisor of 86 and 1849?
43
Calculate the highest common divisor of 166 and 2.
2
Calculate the greatest common divisor of 25 and 925.
25
What is the greatest common divisor of 14 and 1267?
7
What is the greatest common divisor of 377 and 13?
13
Calculate the highest common divisor of 17 and 8.
1
What is the highest common divisor of 1820 and 14?
14
Calculate the highest common factor of 48 and 7224.
24
What is the greatest common divisor of 518 and 42?
14
Calculate the greatest common divisor of 2961 and 94.
47
Calculate the highest common factor of 735 and 15.
15
What is the highest common factor of 174 and 6?
6
What is the highest common factor of 64 and 26992?
16
Calculate the greatest common divisor of 112 and 832.
16
Calculate the greatest common factor of 130018 and 14.
14
What is the highest common divisor of 10 and 10?
10
What is the highest common divisor of 107 and 535?
107
Calculate the highest common factor of 225 and 63.
9
What is the greatest common factor of 22 and 1067?
11
Calculate the greatest common divisor of 9 and 3033.
9
Calculate the highest common divisor of 156 and 156.
156
What is the greatest common divisor of 240 and 6060?
60
Calculate the greatest common factor of 5809 and 37.
37
What is the highest common divisor of 325 and 65?
65
What is the greatest common divisor of 1136 and 48?
16
What is the highest common divisor of 460 and 120?
20
What is the highest common divisor of 305 and 244?
61
Calculate the greatest common factor of 1537 and 29.
29
What is the highest common divisor of 1175 and 925?
25
What is the greatest common factor of 243 and 1377?
81
Calculate the greatest common divisor of 35 and 7.
7
What is the greatest common factor of 56047 and 41?
41
What is the greatest common divisor of 112 and 287?
7
What is the greatest common divisor of 6486 and 138?
138
What is the highest common factor of 88 and 616?
88
Calculate the highest common divisor of 5 and 10.
5
What is the highest common divisor of 12 and 27?
3
What is the greatest common factor of 84 and 9?
3
What is the greatest common divisor of 25 and 49475?
25
What is the highest common divisor of 306 and 54?
18
What is the greatest common divisor of 132 and 24?
12
Calculate the highest common divisor of 621 and 189.
27
Calculate the highest common factor of 104 and 39572.
52
What is the greatest common divisor of 11 and 8?
1
What is the greatest common factor of 20215 and 65?
65
What is the highest common divisor of 143 and 130?
13
Calculate the greatest common factor of 29 and 2987.
29
Calculate the greatest common factor of 3 and 12.
3
What is the highest common factor of 225 and 81?
9
What is the greatest common divisor of 30 and 30?
30
What is the highest common divisor of 14 and 46?
2
Calculate the greatest common factor of 8810 and 50.
10
What is the highest common factor of 319 and 55?
11
What is the highest common factor of 546 and 5642?
182
Calculate the greatest common divisor of 2440 and 32.
8
Calculate the greatest common factor of 176 and 220.
44
What is the highest common divisor of 93 and 775?
31
What is the highest common factor of 49 and 2387?
7
Calculate the greatest common divisor of 3456 and 2052.
108
Calculate the highest common divisor of 153 and 119.
17
What is the greatest common divisor of 56 and 2?
2
Calculate the highest common factor of 7275 and 3492.
291
What is the greatest common divisor of 52 and 2956?
4
Calculate the greatest common divisor of 15950 and 1160.
290
Calculate the greatest common factor of 330 and 275.
55
Calculate the highest common factor of 19414 and 68.
34
Calculate the highest common factor of 14 and 1442.
14
What is the highest common divisor of 96 and 2448?
48
What is the greatest common divisor of 336 and 24?
24
Calculate the greatest common factor of 4485 and 115.
115
Calculate the greatest common divisor of 2 and 1418.
2
Calculate the highest common divisor of 400 and 3100.
100
Calculate the greatest common factor of 55 and 2.
1
What is the greatest common divisor of 30 and 48?
6
What is the highest common factor of 33 and 220?
11
Calculate the greatest common factor of 7542 and 4.
2
What is the highest common divisor of 16 and 80?
16
What is the greatest common factor of 590 and 354?
118
Calculate the greatest common divisor of 136 and 782.
34
What is the highest common factor of 24 and 648?
24
What is the highest common divisor of 162 and 18?
18
Calculate the greatest common divisor of 1159 and 183.
61
Calculate the highes